{"id":601,"date":"2018-02-19T21:15:13","date_gmt":"2018-02-19T20:15:13","guid":{"rendered":"http:\/\/deporte.lanjaron.es\/mtb\/?page_id=601"},"modified":"2018-02-20T09:39:28","modified_gmt":"2018-02-20T08:39:28","slug":"contacto","status":"publish","type":"page","link":"https:\/\/deporte.lanjaron.es\/mtb\/contacto\/","title":{"rendered":"CONTACTO"},"content":{"rendered":"<p>[et_pb_section fb_built=\u00bb1&#8243; fullwidth=\u00bbon\u00bb _builder_version=\u00bb3.0.102&#8243;][et_pb_fullwidth_image src=\u00bbhttp:\/\/deporte.lanjaron.es\/mtb\/wp-content\/uploads\/2018\/02\/cabecera-open-2018.jpg\u00bb _builder_version=\u00bb3.0.102&#8243;][\/et_pb_fullwidth_image][\/et_pb_section][et_pb_section fb_built=\u00bb1&#8243; _builder_version=\u00bb3.0.47&#8243;][et_pb_row _builder_version=\u00bb3.0.102&#8243; background_size=\u00bbinitial\u00bb background_position=\u00bbtop_left\u00bb background_repeat=\u00bbrepeat\u00bb][et_pb_column type=\u00bb1_3&#8243; _builder_version=\u00bb3.0.47&#8243; parallax=\u00bboff\u00bb parallax_method=\u00bbon\u00bb][et_pb_text _builder_version=\u00bb3.0.102&#8243;]Si tienes alguna duda, consulta o necesitas alg\u00fan tipo de informaci\u00f3n, no dudes en contactar con nosotros!!\u00a0 Intentaremos contestar con la mayor brevedad posible.<\/p>\n<p><b>Plaza Constituci\u00f3n, Lanjar\u00f3n, Granada.\u00a0Concejal\u00eda de Deporte.<\/b><\/p>\n<p><span id=\"et-info-email\"><a href=\"mailto:juventudydeportes@lanjaron.es\">juventudydeportes@lanjaron.es<\/a><\/span><\/p>\n<p><strong>Tlf: 664 257461<\/strong><br \/>\n[\/et_pb_text][\/et_pb_column][et_pb_column type=\u00bb2_3&#8243; _builder_version=\u00bb3.0.47&#8243; parallax=\u00bboff\u00bb parallax_method=\u00bbon\u00bb][et_pb_contact_form module_id=\u00bbet_pb_contact_form_0&#8243; _builder_version=\u00bb3.0.102&#8243; email=\u00bbjuventudydeportes@lanjaron.es\u00bb title=\u00bb-Que Necesitas?\u00bb success_message=\u00bbReto conseguido!!! Contestaremos lo m\u00e1s breve posible.\u00bb submit_button_text=\u00bbVamos!!!\u00bb title_font=\u00bb||||||||\u00bb title_font_size=\u00bb37px\u00bb title_text_color=\u00bb#a100ba\u00bb][et_pb_contact_field field_id=\u00bbName\u00bb field_title=\u00bbNombre\u00bb _builder_version=\u00bb3.0.47&#8243; border_radii=\u00bbon||||\u00bb][\/et_pb_contact_field][et_pb_contact_field field_id=\u00bbEmail\u00bb field_title=\u00bbDirecci\u00f3n de correo electr\u00f3nico\u00bb field_type=\u00bbemail\u00bb _builder_version=\u00bb3.0.47&#8243; border_radii=\u00bbon||||\u00bb][\/et_pb_contact_field][et_pb_contact_field field_id=\u00bbMessage\u00bb field_title=\u00bbMensaje\u00bb field_type=\u00bbtext\u00bb fullwidth_field=\u00bbon\u00bb _builder_version=\u00bb3.0.47&#8243; border_radii=\u00bbon||||\u00bb][\/et_pb_contact_field][\/et_pb_contact_form][\/et_pb_column][\/et_pb_row][\/et_pb_section]<\/p>\n","protected":false},"excerpt":{"rendered":"<p>[et_pb_section fb_built=\u00bb1&#8243; fullwidth=\u00bbon\u00bb _builder_version=\u00bb3.0.102&#8243;][et_pb_fullwidth_image src=\u00bbhttp:\/\/deporte.lanjaron.es\/mtb\/wp-content\/uploads\/2018\/02\/cabecera-open-2018.jpg\u00bb _builder_version=\u00bb3.0.102&#8243;][\/et_pb_fullwidth_image][\/et_pb_section][et_pb_section fb_built=\u00bb1&#8243; _builder_version=\u00bb3.0.47&#8243;][et_pb_row _builder_version=\u00bb3.0.102&#8243; background_size=\u00bbinitial\u00bb background_position=\u00bbtop_left\u00bb background_repeat=\u00bbrepeat\u00bb][et_pb_column type=\u00bb1_3&#8243; _builder_version=\u00bb3.0.47&#8243; parallax=\u00bboff\u00bb parallax_method=\u00bbon\u00bb][et_pb_text _builder_version=\u00bb3.0.102&#8243;]Si tienes alguna duda, consulta o necesitas alg\u00fan tipo de informaci\u00f3n, no dudes en contactar con nosotros!!\u00a0 Intentaremos contestar [&hellip;]<\/p>\n","protected":false},"author":2,"featured_media":0,"parent":0,"menu_order":0,"comment_status":"closed","ping_status":"closed","template":"","meta":{"advanced_seo_description":"","jetpack_seo_html_title":"","jetpack_seo_noindex":false,"footnotes":""},"class_list":["post-601","page","type-page","status-publish","hentry"],"jetpack_sharing_enabled":true,"jetpack_shortlink":"https:\/\/wp.me\/P9G5Ij-9H","jetpack-related-posts":[{"id":283,"url":"https:\/\/deporte.lanjaron.es\/mtb\/premios\/","url_meta":{"origin":601,"position":0},"title":"PREMIOS","date":"7th marzo 2017","format":false,"excerpt":"[et_pb_section fb_built=\"1\" background_color=\"#ffffff\" _builder_version=\"3.0.102\" background_image=\"http:\/\/deporte.lanjaron.es\/mtb\/wp-content\/uploads\/2018\/02\/cabecera-open-2018.jpg\" custom_padding=\"0px|0px|184px|0px\"][\/et_pb_section][et_pb_section fb_built=\"1\" fullwidth=\"on\" _builder_version=\"3.0.102\"][et_pb_fullwidth_post_slider _builder_version=\"3.0.102\"][\/et_pb_fullwidth_post_slider][\/et_pb_section]","rel":"","context":"Entrada similar","img":{"alt_text":"","src":"","width":0,"height":0},"classes":[]},{"id":390,"url":"https:\/\/deporte.lanjaron.es\/mtb\/videos\/","url_meta":{"origin":601,"position":1},"title":"MULTIMEDIA","date":"17th marzo 2017","format":false,"excerpt":"[et_pb_section fb_built=\"1\" fullwidth=\"on\" _builder_version=\"3.0.102\"][et_pb_fullwidth_image src=\"http:\/\/deporte.lanjaron.es\/mtb\/wp-content\/uploads\/2018\/02\/cabecera-open-2018.jpg\" _builder_version=\"3.0.102\"][\/et_pb_fullwidth_image][\/et_pb_section][et_pb_section fb_built=\"1\" background_color=\"#ffffff\" _builder_version=\"3.0.102\" background_image=\"http:\/\/deporte.lanjaron.es\/mtb\/wp-content\/uploads\/2017\/03\/videos-open.jpg\" custom_margin=\"60px|||\" custom_padding=\"0px|0px|0px|0px\" box_shadow_style=\"preset1\"][et_pb_row make_fullwidth=\"on\" custom_margin=\"40px|||\" make_equal=\"on\" _builder_version=\"3.0.102\" background_size=\"initial\" background_position=\"top_left\" background_repeat=\"repeat\" module_alignment=\"center\"][et_pb_column type=\"1_4\" _builder_version=\"3.0.47\" parallax=\"off\" parallax_method=\"on\"][et_pb_text admin_label=\"Text\" _builder_version=\"3.0.47\" background_size=\"initial\" background_position=\"top_left\" background_repeat=\"repeat\" text_orientation=\"center\" module_alignment=\"center\"]VIDEO PROMO 2017 [\/et_pb_text][\/et_pb_column][et_pb_column type=\"1_4\" _builder_version=\"3.0.47\" parallax=\"off\" parallax_method=\"on\"][et_pb_text admin_label=\"Text\" _builder_version=\"3.0.47\" background_size=\"initial\" background_position=\"top_left\" background_repeat=\"repeat\"]VIDEO PROMO 2016 [\/et_pb_text][\/et_pb_column][et_pb_column type=\"1_4\" _builder_version=\"3.0.47\" parallax=\"off\"\u2026","rel":"","context":"Entrada similar","img":{"alt_text":"","src":"","width":0,"height":0},"classes":[]},{"id":218,"url":"https:\/\/deporte.lanjaron.es\/mtb\/aviso-legal\/","url_meta":{"origin":601,"position":2},"title":"Aviso Legal","date":"7th marzo 2017","format":false,"excerpt":"[et_pb_section bb_built=\"1\" admin_label=\"Features\" _builder_version=\"3.6\" custom_padding=\"|||\" next_background_color=\"#f7f7f7\"][et_pb_row custom_margin=\"|||\" _builder_version=\"3.6\"][et_pb_column type=\"4_4\"][et_pb_text admin_label=\"Title\" _builder_version=\"3.6\" header_font=\"||||||||\" header_3_font=\"Teko||||||||\" header_3_font_size=\"40px\" header_3_line_height=\"1.2em\" border_color_all=\"rgba(51,51,51,0.12)\" border_width_bottom=\"1px\" custom_margin=\"||15px|\"] General Information [\/et_pb_text][\/et_pb_column][\/et_pb_row][et_pb_row custom_padding=\"0|0px|27px|0px|false|false\" custom_margin=\"|||\" _builder_version=\"3.6\"][et_pb_column type=\"2_3\"][et_pb_text _builder_version=\"3.2\" text_font=\"Lato||||||||\" text_font_size=\"18px\" text_line_height=\"1.8em\"] Lorem ipsum dolor sit amet, consectetur adipiscing elit. Nullam risus quam, blandit eget est non, luctus rhoncus neque. Vestibulum imperdiet magna\u2026","rel":"","context":"Entrada similar","img":{"alt_text":"","src":"","width":0,"height":0},"classes":[]},{"id":424,"url":"https:\/\/deporte.lanjaron.es\/mtb\/lanjaron\/","url_meta":{"origin":601,"position":3},"title":"LANJAR\u00d3N","date":"17th marzo 2017","format":false,"excerpt":"[et_pb_section fb_built=\"1\" _builder_version=\"3.0.102\" custom_margin=\"||30px|\"][et_pb_row custom_padding=\"0px|0px|0px|0px\" _builder_version=\"3.0.102\" background_size=\"initial\" background_position=\"top_left\" background_repeat=\"repeat\" border_width_bottom=\"7px\" border_color_bottom=\"#82aa1d\" box_shadow_style=\"preset3\"][et_pb_column type=\"4_4\" _builder_version=\"3.0.47\" parallax=\"off\" parallax_method=\"on\"][et_pb_image src=\"http:\/\/deporte.lanjaron.es\/mtb\/wp-content\/uploads\/2017\/03\/logo.png\" align=\"center\" _builder_version=\"3.0.102\" custom_margin=\"||30px|\"][\/et_pb_image][\/et_pb_column][\/et_pb_row][\/et_pb_section][et_pb_section fb_built=\"1\" _builder_version=\"3.0.102\" border_width_bottom=\"8px\" border_color_bottom=\"#f78300\" max_width=\"66%\" module_alignment=\"center\" custom_padding=\"2px|0px|0px|0px\" box_shadow_style=\"preset3\"][et_pb_row custom_padding=\"0px|0px|0px|0px\" _builder_version=\"3.0.102\" background_size=\"initial\" background_position=\"top_left\" background_repeat=\"repeat\" module_alignment=\"center\"][et_pb_column type=\"1_4\" _builder_version=\"3.0.47\" parallax=\"off\" parallax_method=\"on\"][et_pb_button button_url=\"https:\/\/docs.google.com\/file\/d\/0B_1G3bqm8uWqbzRtMnZzcVJFYlE\/preview\" url_new_window=\"on\" button_text=\"Senderismo Lanjar\u00f3n\" button_alignment=\"center\" _builder_version=\"3.0.105\" custom_button=\"on\" button_text_size=\"29px\" button_text_color=\"#ffffff\" button_bg_image=\"http:\/\/deporte.lanjaron.es\/mtb\/wp-content\/uploads\/2017\/03\/L.jpg\" button_bg_size=\"contain\" button_border_width=\"0px\"\u2026","rel":"","context":"Entrada similar","img":{"alt_text":"","src":"..\/..\/wp-content\/uploads\/2017\/03\/Logo-Ayto-y-Turismo-300x198.jpg","width":350,"height":200},"classes":[]},{"id":39,"url":"https:\/\/deporte.lanjaron.es\/mtb\/39-2\/","url_meta":{"origin":601,"position":4},"title":"El OPEN 2019","date":"6th marzo 2017","format":false,"excerpt":"[et_pb_section fb_built=\"1\" fullwidth=\"on\" _builder_version=\"3.0.102\" max_width_last_edited=\"on|phone\" custom_padding=\"0px|0px|0px|0px\"][et_pb_fullwidth_image src=\"http:\/\/deporte.lanjaron.es\/mtb\/wp-content\/uploads\/2019\/02\/open-lanjaron2019.jpg\" _builder_version=\"3.0.105\" max_width_last_edited=\"on|desktop\"][\/et_pb_fullwidth_image][\/et_pb_section][et_pb_section fb_built=\"1\" _builder_version=\"3.0.47\" custom_padding=\"0px|0px|43.0156px|0px\"][et_pb_row _builder_version=\"3.0.47\" background_size=\"initial\" background_position=\"top_left\" background_repeat=\"repeat\"][et_pb_column type=\"4_4\" _builder_version=\"3.0.47\" parallax=\"off\" parallax_method=\"on\"][et_pb_text _builder_version=\"3.0.105\" text_font=\"||||||||\" text_font_size=\"27px\" text_letter_spacing=\"4px\" header_font=\"||||||||\" background_color=\"#adadad\" use_background_color_gradient=\"on\" background_color_gradient_start=\"#a0a0a0\" background_color_gradient_end=\"#ffffff\" background_color_gradient_type=\"radial\" background_color_gradient_direction_radial=\"left\" background_color_gradient_end_position=\"31%\" border_width_all=\"2px\" border_style_all=\"none\" box_shadow_style=\"preset1\" box_shadow_horizontal=\"3px\" box_shadow_vertical=\"5px\" box_shadow_blur=\"35px\" box_shadow_spread=\"10px\"] PATROCINADOR OFICIAL [\/et_pb_text][\/et_pb_column][\/et_pb_row][\/et_pb_section][et_pb_section fb_built=\"1\" background_color=\"#ffffff\" _builder_version=\"3.0.102\" background_image=\"http:\/\/deporte.lanjaron.es\/mtb\/wp-content\/uploads\/2018\/02\/lunaritos.png\" custom_margin=\"|||\" custom_padding=\"0px|0px|159px|0px\" filter_saturate=\"96%\"][et_pb_row use_custom_width=\"on\"\u2026","rel":"","context":"Entrada similar","img":{"alt_text":"","src":"","width":0,"height":0},"classes":[]},{"id":76,"url":"https:\/\/deporte.lanjaron.es\/mtb\/recorrido\/","url_meta":{"origin":601,"position":5},"title":"RECORRIDO","date":"6th marzo 2017","format":false,"excerpt":"[et_pb_section][et_pb_row][et_pb_column type=\"2_3\"][et_pb_image admin_label=\"Image\" src=\"http:\/\/deporte.lanjaron.es\/wp-content\/uploads\/2017\/03\/PERFIL_CRONO_OPEN_2017_1.jpg\" show_in_lightbox=\"on\" url_new_window=\"off\" animation=\"off\" \/][\/et_pb_column][et_pb_column type=\"1_3\"][et_pb_text admin_label=\"Text\" background_layout=\"light\" text_orientation=\"left\"] 1\u00aaETAPA _CRI Parte del recorrido de la primera etapa CRI transcurre por propiedad privada: NO es transitable en d\u00edas distintos a la prueba, los permisos de tr\u00e1nsito por esas propiedades son EXCLUSIVAMENTE para el d\u00eda de la Prueba.\u2026","rel":"","context":"Entrada similar","img":{"alt_text":"","src":"https:\/\/i0.wp.com\/deporte.lanjaron.es\/wp-content\/uploads\/2017\/03\/tres-flechas-300x212.jpg?resize=350%2C200","width":350,"height":200},"classes":[]}],"_links":{"self":[{"href":"https:\/\/deporte.lanjaron.es\/mtb\/wp-json\/wp\/v2\/pages\/601","targetHints":{"allow":["GET"]}}],"collection":[{"href":"https:\/\/deporte.lanjaron.es\/mtb\/wp-json\/wp\/v2\/pages"}],"about":[{"href":"https:\/\/deporte.lanjaron.es\/mtb\/wp-json\/wp\/v2\/types\/page"}],"author":[{"embeddable":true,"href":"https:\/\/deporte.lanjaron.es\/mtb\/wp-json\/wp\/v2\/users\/2"}],"replies":[{"embeddable":true,"href":"https:\/\/deporte.lanjaron.es\/mtb\/wp-json\/wp\/v2\/comments?post=601"}],"version-history":[{"count":5,"href":"https:\/\/deporte.lanjaron.es\/mtb\/wp-json\/wp\/v2\/pages\/601\/revisions"}],"predecessor-version":[{"id":625,"href":"https:\/\/deporte.lanjaron.es\/mtb\/wp-json\/wp\/v2\/pages\/601\/revisions\/625"}],"wp:attachment":[{"href":"https:\/\/deporte.lanjaron.es\/mtb\/wp-json\/wp\/v2\/media?parent=601"}],"curies":[{"name":"wp","href":"https:\/\/api.w.org\/{rel}","templated":true}]}}

<p>[et_pb_section fb_built=»1&#8243; fullwidth=»on» _builder_version=»3.0.102&#8243;][et_pb_fullwidth_image src=»http://deporte.lanjaron.es/mtb/wp-content/uploads/2018/02/cabecera-open-2018.jpg» _builder_version=»3.0.102&#8243;][/et_pb_fullwidth_image][/et_pb_section][et_pb_section fb_built=»1&#8243; _builder_version=»3.0.47&#8243;][et_pb_row _builder_version=»3.0.102&#8243; background_size=»initial» background_position=»top_left» background_repeat=»repeat»][et_pb_column type=»1_3&#8243; _builder_version=»3.0.47&#8243; parallax=»off» parallax_method=»on»][et_pb_text _builder_version=»3.0.102&#8243;]Si tienes alguna duda, consulta o necesitas algún tipo de información, no dudes en contactar con nosotros!!  Intentaremos contestar con la mayor brevedad posible.</p>
<p><b>Plaza Constitución, Lanjarón, Granada. Concejalía de Deporte.</b></p>
<p><span id="et-info-email"><a href="mailto:juventudydeportes@lanjaron.es">juventudydeportes@lanjaron.es</a></span></p>
<p><strong>Tlf: 664 257461</strong><br />
[/et_pb_text][/et_pb_column][et_pb_column type=»2_3&#8243; _builder_version=»3.0.47&#8243; parallax=»off» parallax_method=»on»][et_pb_contact_form module_id=»et_pb_contact_form_0&#8243; _builder_version=»3.0.102&#8243; email=»juventudydeportes@lanjaron.es» title=»-Que Necesitas?» success_message=»Reto conseguido!!! Contestaremos lo más breve posible.» submit_button_text=»Vamos!!!» title_font=»||||||||» title_font_size=»37px» title_text_color=»#a100ba»][et_pb_contact_field field_id=»Name» field_title=»Nombre» _builder_version=»3.0.47&#8243; border_radii=»on||||»][/et_pb_contact_field][et_pb_contact_field field_id=»Email» field_title=»Dirección de correo electrónico» field_type=»email» _builder_version=»3.0.47&#8243; border_radii=»on||||»][/et_pb_contact_field][et_pb_contact_field field_id=»Message» field_title=»Mensaje» field_type=»text» fullwidth_field=»on» _builder_version=»3.0.47&#8243; border_radii=»on||||»][/et_pb_contact_field][/et_pb_contact_form][/et_pb_column][/et_pb_row][/et_pb_section]</p>

<p>[et_pb_section fb_built=»1&#8243; fullwidth=»on» _builder_version=»3.0.102&#8243;][et_pb_fullwidth_image src=»http://deporte.lanjaron.es/mtb/wp-content/uploads/2018/02/cabecera-open-2018.jpg» _builder_version=»3.0.102&#8243;][/et_pb_fullwidth_image][/et_pb_section][et_pb_section fb_built=»1&#8243; _builder_version=»3.0.47&#8243;][et_pb_row _builder_version=»3.0.102&#8243; background_size=»initial» background_position=»top_left» background_repeat=»repeat»][et_pb_column type=»1_3&#8243; _builder_version=»3.0.47&#8243; parallax=»off» parallax_method=»on»][et_pb_text _builder_version=»3.0.102&#8243;]Si tienes alguna duda, consulta o necesitas algún tipo de información, no dudes en contactar con nosotros!!  Intentaremos contestar [&hellip;]</p>

LANJARÓN

[et_pb_section fb_built="1" _builder_version="3.0.102" custom_margin="||30px|"][et_pb_row custom_padding="0px|0px|0px|0px" _builder_version="3.0.102" background_size="initial" background_position="top_left" background_repeat="repeat" border_width_bottom="7px" border_color_bottom="#82aa1d" box_shadow_style="preset3"][et_pb_column type="4_4" _builder_version="3.0.47" parallax="off" parallax_method="on"][et_pb_image src="http://deporte.lanjaron.es/mtb/wp-content/uploads/2017/03/logo.png" align="center" _builder_version="3.0.102" custom_margin="||30px|"][/et_pb_image][/et_pb_column][/et_pb_row][/et_pb_section][et_pb_section fb_built="1" _builder_version="3.0.102" border_width_bottom="8px" border_color_bottom="#f78300" max_width="66%" module_alignment="center" custom_padding="2px|0px|0px|0px" box_shadow_style="preset3"][et_pb_row custom_padding="0px|0px|0px|0px" _builder_version="3.0.102" background_size="initial" background_position="top_left" background_repeat="repeat" module_alignment="center"][et_pb_column type="1_4" _builder_version="3.0.47" parallax="off" parallax_method="on"][et_pb_button button_url="https://docs.google.com/file/d/0B_1G3bqm8uWqbzRtMnZzcVJFYlE/preview" url_new_window="on" button_text="Senderismo Lanjarón" button_alignment="center" _builder_version="3.0.105" custom_button="on" button_text_size="29px" button_text_color="#ffffff" button_bg_image="http://deporte.lanjaron.es/mtb/wp-content/uploads/2017/03/L.jpg" button_bg_size="contain" button_border_width="0px"…

[et_pb_section][et_pb_row][et_pb_column type="2_3"][et_pb_image admin_label="Image" src="http://deporte.lanjaron.es/wp-content/uploads/2017/03/PERFIL_CRONO_OPEN_2017_1.jpg" show_in_lightbox="on" url_new_window="off" animation="off" /][/et_pb_column][et_pb_column type="1_3"][et_pb_text admin_label="Text" background_layout="light" text_orientation="left"] 1ªETAPA _CRI Parte del recorrido de la primera etapa CRI transcurre por propiedad privada: NO es transitable en días distintos a la prueba, los permisos de tránsito por esas propiedades son EXCLUSIVAMENTE para el día de la Prueba.…
