{"id":94,"date":"2018-06-29T16:48:31","date_gmt":"2018-06-29T16:48:31","guid":{"rendered":"http:\/\/deporte.lanjaron.es\/magna\/?page_id=94"},"modified":"2018-06-30T16:56:06","modified_gmt":"2018-06-30T16:56:06","slug":"magna128","status":"publish","type":"page","link":"https:\/\/deporte.lanjaron.es\/magna\/magna128\/","title":{"rendered":"MAGNA 128Km"},"content":{"rendered":"<p>[et_pb_section fb_built=\u00bb1&#8243; admin_label=\u00bbHeader Section\u00bb _builder_version=\u00bb3.0.92&#8243; use_background_color_gradient=\u00bbon\u00bb background_color_gradient_start=\u00bb#e9f0f6&#8243; background_color_gradient_end=\u00bbrgba(233,240,246,0.2)\u00bb background_color_gradient_overlays_image=\u00bbon\u00bb background_image=\u00bbhttp:\/\/deporte.lanjaron.es\/magna\/wp-content\/uploads\/2018\/06\/C510_SALIDA-1011.jpg\u00bb custom_padding=\u00bb10%||20%|\u00bb][et_pb_row custom_padding=\u00bb|||\u00bb custom_padding_phone=\u00bb3vw|||\u00bb custom_margin=\u00bb|||\u00bb admin_label=\u00bbHeader Row\u00bb custom_padding_last_edited=\u00bboff|desktop\u00bb _builder_version=\u00bb3.0.102&#8243; background_size=\u00bbinitial\u00bb background_position=\u00bbtop_left\u00bb background_repeat=\u00bbrepeat\u00bb][et_pb_column type=\u00bb4_4&#8243; _builder_version=\u00bb3.0.47&#8243; parallax=\u00bboff\u00bb parallax_method=\u00bbon\u00bb][et_pb_text admin_label=\u00bbHeading &#038; Subheading\u00bb _builder_version=\u00bb3.0.92&#8243; text_font=\u00bbMuli|600|||||||\u00bb text_font_size=\u00bb18px\u00bb text_line_height=\u00bb1.8em\u00bb header_font=\u00bbMuli|700|||||||\u00bb header_font_size=\u00bb65px\u00bb header_line_height=\u00bb1.4em\u00bb header_2_font=\u00bb||||||||\u00bb background_size=\u00bbinitial\u00bb background_position=\u00bbtop_left\u00bb background_repeat=\u00bbrepeat\u00bb text_orientation=\u00bbcenter\u00bb max_width=\u00bb800px\u00bb max_width_last_edited=\u00bboff|desktop\u00bb custom_margin=\u00bb|||\u00bb custom_padding=\u00bb|||\u00bb custom_padding_last_edited=\u00bboff|desktop\u00bb animation_style=\u00bbfade\u00bb inline_fonts=\u00bbAlegreya Sans SC,Almendra SC\u00bb]<\/p>\n<h1><span style=\"color: #ffff00;\">ALJUJARIILA MAGNA<\/span><\/h1>\n<p>[\/et_pb_text][et_pb_text _builder_version=\u00bb3.0.102&#8243; inline_fonts=\u00bbAnaheim\u00bb]<\/p>\n<h3 style=\"text-align: center;\"><span style=\"font-family: Anaheim; font-weight: normal;\"><strong>128 km y 2930 metros de desnivel acumulado positivo para ciclistas m\u00e1s explosivos.<\/strong>\u00a0<\/span><\/h3>\n<p>[\/et_pb_text][\/et_pb_column][\/et_pb_row][\/et_pb_section][et_pb_section fb_built=\u00bb1&#8243; background_color=\u00bb#efefea\u00bb admin_label=\u00bbContact Section\u00bb _builder_version=\u00bb3.0.92&#8243; background_image=\u00bbhttp:\/\/deporte.lanjaron.es\/magna\/wp-content\/uploads\/2018\/06\/turismo-lanjaron.jpg\u00bb background_position=\u00bbtop_left\u00bb background_blend=\u00bbsoft-light\u00bb custom_padding=\u00bb54px|0px|100px|0px\u00bb][et_pb_row background_color=\u00bb#ffffff\u00bb _builder_version=\u00bb3.0.92&#8243;][et_pb_column type=\u00bb1_3&#8243; _builder_version=\u00bb3.0.47&#8243; parallax=\u00bboff\u00bb parallax_method=\u00bbon\u00bb][et_pb_text admin_label=\u00bbTitle\u00bb _builder_version=\u00bb3.0.92&#8243; text_font=\u00bbMuli|600|||||||\u00bb text_font_size=\u00bb18px\u00bb text_text_color=\u00bb#737373&#8243; header_font=\u00bb||||||||\u00bb header_2_font=\u00bbMuli|700|||||||\u00bb header_2_text_align=\u00bbleft\u00bb header_2_font_size=\u00bb50px\u00bb header_2_font_size_phone=\u00bb40px\u00bb header_2_font_size_last_edited=\u00bbon|phone\u00bb header_2_line_height=\u00bb1.4em\u00bb max_width_last_edited=\u00bboff|desktop\u00bb custom_margin=\u00bb|||\u00bb custom_padding=\u00bb|||\u00bb custom_padding_last_edited=\u00bboff|desktop\u00bb]<\/p>\n<p style=\"text-align: justify;\"><strong>ALPUJARRILLA MAGNA:<\/strong> 128 km y 2930 metros de desnivel acumulado positivo para ciclistas m\u00e1s explosivos.<\/p>\n<p style=\"text-align: justify;\">La prueba Alpujarrilla Magna,\u00a0 recordamos que no ser\u00e1 competitiva, por lo que no habr\u00e1 trofeos.<\/p>\n<p style=\"text-align: justify;\">La salida y meta, adem\u00e1s de la zona de boxes, stand y oficina de carrera estar\u00e1n situadas en la Plaza de la Constituci\u00f3n de Lanjar\u00f3n. Siendo este el centro neur\u00e1lgico de la prueba.<\/p>\n<p style=\"text-align: justify;\">La prueba est\u00e1 adaptada a la nueva normativa vigente de la DGT de la instrucci\u00f3n <span style=\"color: #e09900;\"><a style=\"color: #e09900;\" href=\"http:\/\/www.dgt.es\/es\/seguridad-vial\/normativa-y-legislacion\/otras-normas\/modificaciones\/Instruc_17_TV_100-Modificacion-sobre-circulacion-vehiculos-competicion.shtml\" target=\"_blank\" rel=\"noopener noreferrer\">18\/TV-101 (Ver)<\/a><\/span><\/p>\n<p>[\/et_pb_text][\/et_pb_column][et_pb_column type=\u00bb2_3&#8243; _builder_version=\u00bb3.0.47&#8243; parallax=\u00bboff\u00bb parallax_method=\u00bbon\u00bb][et_pb_image src=\u00bbhttp:\/\/deporte.lanjaron.es\/magna\/wp-content\/uploads\/2018\/06\/RUTA-CORTA.jpg\u00bb _builder_version=\u00bb3.0.92&#8243; box_shadow_style=\u00bbpreset2&#8243;][\/et_pb_image][et_pb_text admin_label=\u00bbTitle\u00bb _builder_version=\u00bb3.0.102&#8243; text_font=\u00bbMuli|600|||||||\u00bb text_font_size=\u00bb18px\u00bb text_text_color=\u00bb#737373&#8243; header_font=\u00bb||||||||\u00bb header_2_font=\u00bbMuli|700|||||||\u00bb header_2_text_align=\u00bbleft\u00bb header_2_font_size=\u00bb50px\u00bb header_2_font_size_phone=\u00bb40px\u00bb header_2_font_size_last_edited=\u00bbon|phone\u00bb header_2_line_height=\u00bb1.4em\u00bb max_width_last_edited=\u00bboff|desktop\u00bb custom_margin=\u00bb|||\u00bb custom_padding=\u00bb|||\u00bb custom_padding_last_edited=\u00bboff|desktop\u00bb][\/et_pb_text][\/et_pb_column][\/et_pb_row][\/et_pb_section][et_pb_section fb_built=\u00bb1&#8243; fullwidth=\u00bbon\u00bb _builder_version=\u00bb3.0.92&#8243; background_image=\u00bbhttp:\/\/deporte.lanjaron.es\/magna\/wp-content\/uploads\/2018\/06\/EmondaSL6Pro_21750_A_Alt4.jpeg\u00bb][\/et_pb_section][et_pb_section fb_built=\u00bb1&#8243; specialty=\u00bbon\u00bb _builder_version=\u00bb3.0.102&#8243; use_background_color_gradient=\u00bbon\u00bb background_color_gradient_start=\u00bb#ffffff\u00bb background_color_gradient_end=\u00bb#c6c6c6&#8243; background_color_gradient_type=\u00bbradial\u00bb background_color_gradient_direction_radial=\u00bbtop left\u00bb custom_padding=\u00bb54px|0px|0px|0px\u00bb][et_pb_column type=\u00bb1_3&#8243; _builder_version=\u00bb3.0.47&#8243;][et_pb_text _builder_version=\u00bb3.0.102&#8243;]<strong style=\"font-size: 14px;\">Los avituallamientos s\u00f3lidos y l\u00edquidos estar\u00e1n situados en:<\/strong><\/p>\n<p><span style=\"font-size: 14px;\">\u2022 El Alto de Haza del Lino (Km 31) &#8211; S\u00f3lido y L\u00edquido <\/span><\/p>\n<p><span style=\"font-size: 14px;\"> \u2022 B\u00e9rchules (Km 103) &#8211; S\u00f3lido y L\u00edquido <\/span><\/p>\n<p><span style=\"font-size: 14px;\">\u2022 Trev\u00e9lez (km 121)- S\u00f3lido contundente y Liquido <\/span><\/p>\n<p>&nbsp;<br \/>\n[\/et_pb_text][et_pb_text _builder_version=\u00bb3.0.92&#8243;]<strong>Existen puntos de corte, con los siguientes horarios m\u00e1ximos de paso:<\/strong><\/p>\n<p>\u2022 Alto de la Haza del Lino Km 31 \u2013 10:45h<\/p>\n<p>\u2022 Cruce de Murtas Km 48 \u2013 11:45 se desviara hacia atajo -12:00 fuera de evento<\/p>\n<p>\u2022 Intersecci\u00f3n cruce Alpujarra de la Sierra\u00a0<span style=\"font-size: 14px;\">Km 100 \u2013 14:00h<\/span><\/p>\n<p>\u2022 Trev\u00e9lez Km 120 \u2013 15:30h<\/p>\n<p>*El participante que a las 11:45h no haya llegado al cruce de Murtas ser\u00e1 desviado obligatoriamente hacia C\u00e1diar por \u201catajo\u201d.<\/p>\n<p>A las 18:30h se cerrar\u00e1 el control de llegada y se dar\u00e1 por finalizada la 3\u00aa marcha Alpujarra Magna.<br \/>\n[\/et_pb_text][\/et_pb_column][et_pb_column type=\u00bb2_3&#8243; specialty_columns=\u00bb2&#8243; _builder_version=\u00bb3.0.47&#8243;][et_pb_row_inner _builder_version=\u00bb3.0.102&#8243;][et_pb_column_inner type=\u00bb1_2&#8243; saved_specialty_column_type=\u00bb2_3&#8243; _builder_version=\u00bb3.0.47&#8243; box_shadow_position=\u00bbouter\u00bb parallax=\u00bboff\u00bb parallax_method=\u00bbon\u00bb][et_pb_text _builder_version=\u00bb3.0.102&#8243;]<\/p>\n<p style=\"text-align: justify;\">Todo participante deber\u00e1 llevar, de forma obligatoria y visible: la placa en la parte delantera de la bicicleta.<\/p>\n<p style=\"text-align: justify;\">Aquel ciclista que no lleve colocada de manera visible la placa de la bicicleta ser\u00e1 excluido del recorrido por miembros de la organizaci\u00f3n o por las fuerzas del orden.<\/p>\n<p style=\"text-align: justify;\"><strong>\u2022 LA PLACA<\/strong> debe llevarse en la parte delantera de la bicicleta bien visible sin doblar, y sin ocultar ni alterar la publicidad.<\/p>\n<p style=\"text-align: justify;\"><strong>\u2022 EL CHIP<\/strong> va adherido a la placa, formando una unidad con \u00e9sta.<\/p>\n<p>[\/et_pb_text][\/et_pb_column_inner][et_pb_column_inner type=\u00bb1_2&#8243; saved_specialty_column_type=\u00bb2_3&#8243; _builder_version=\u00bb3.0.47&#8243; box_shadow_position=\u00bbouter\u00bb parallax=\u00bboff\u00bb parallax_method=\u00bbon\u00bb][et_pb_text _builder_version=\u00bb3.0.102&#8243;]<strong style=\"font-size: 14px;\">organizaci\u00f3n dispondr\u00e1 de:<\/strong><\/p>\n<ul>\n<li><span style=\"font-size: 14px; text-align: justify;\">Equipamiento y personal sanitario durante el recorrido.<\/span><\/li>\n<li style=\"text-align: justify;\">Instalaciones para la ducha y el aseo.<br \/>\nInstalaciones lava bicis.<\/li>\n<li style=\"text-align: justify;\">Asistencia sanitaria formado por tres ambulancias.<\/li>\n<li style=\"text-align: justify;\">Zonas habilitadas de boxes de equipos y parking para veh\u00edculos de participantes.a.<\/li>\n<\/ul>\n<p>[\/et_pb_text][\/et_pb_column_inner][\/et_pb_row_inner][et_pb_row_inner _builder_version=\u00bb3.0.92&#8243;][et_pb_column_inner type=\u00bb4_4&#8243; saved_specialty_column_type=\u00bb2_3&#8243; _builder_version=\u00bb3.0.47&#8243; box_shadow_position=\u00bbouter\u00bb parallax=\u00bboff\u00bb parallax_method=\u00bbon\u00bb][et_pb_image src=\u00bbhttp:\/\/deporte.lanjaron.es\/magna\/wp-content\/uploads\/2018\/06\/alpujarrila-magna.jpg\u00bb _builder_version=\u00bb3.0.92&#8243;][\/et_pb_image][\/et_pb_column_inner][\/et_pb_row_inner][\/et_pb_column][\/et_pb_section][et_pb_section fb_built=\u00bb1&#8243; _builder_version=\u00bb3.0.92&#8243; background_image=\u00bbhttp:\/\/deporte.lanjaron.es\/magna\/wp-content\/uploads\/2018\/06\/EmondaSL6Pro_21750_A_Alt1.jpeg\u00bb background_blend=\u00bbluminosity\u00bb custom_padding=\u00bb123px|0px|54px|0px\u00bb][et_pb_row use_custom_width=\u00bbon\u00bb custom_width_px=\u00bb2600px\u00bb make_equal=\u00bbon\u00bb _builder_version=\u00bb3.0.102&#8243;][et_pb_column type=\u00bb4_4&#8243; _builder_version=\u00bb3.0.102&#8243; parallax=\u00bboff\u00bb parallax_method=\u00bbon\u00bb][et_pb_countdown_timer date_time=\u00bb2018-09-29 08:30&#8243; background_color=\u00bbrgba(239,239,239,0.48)\u00bb _builder_version=\u00bb3.0.92&#8243; numbers_font=\u00bb||||||||\u00bb numbers_text_color=\u00bb#edf000&#8243; numbers_line_height=\u00bb69px\u00bb label_font=\u00bb||||||||\u00bb label_text_align=\u00bbcenter\u00bb label_font_size=\u00bb25px\u00bb label_text_color=\u00bb#262626&#8243; use_background_color_gradient=\u00bbon\u00bb background_color_gradient_start=\u00bbrgba(255,255,255,0)\u00bb background_color_gradient_end=\u00bbrgba(255,255,255,0.17)\u00bb background_blend=\u00bblighten\u00bb max_width=\u00bb75%\u00bb module_alignment=\u00bbcenter\u00bb][\/et_pb_countdown_timer][\/et_pb_column][\/et_pb_row][\/et_pb_section]<\/p>\n","protected":false},"excerpt":{"rendered":"<p>[et_pb_section fb_built=\u00bb1&#8243; admin_label=\u00bbHeader Section\u00bb _builder_version=\u00bb3.0.92&#8243; use_background_color_gradient=\u00bbon\u00bb background_color_gradient_start=\u00bb#e9f0f6&#8243; background_color_gradient_end=\u00bbrgba(233,240,246,0.2)\u00bb background_color_gradient_overlays_image=\u00bbon\u00bb background_image=\u00bbhttp:\/\/deporte.lanjaron.es\/magna\/wp-content\/uploads\/2018\/06\/C510_SALIDA-1011.jpg\u00bb custom_padding=\u00bb10%||20%|\u00bb][et_pb_row custom_padding=\u00bb|||\u00bb custom_padding_phone=\u00bb3vw|||\u00bb custom_margin=\u00bb|||\u00bb admin_label=\u00bbHeader Row\u00bb custom_padding_last_edited=\u00bboff|desktop\u00bb _builder_version=\u00bb3.0.102&#8243; background_size=\u00bbinitial\u00bb background_position=\u00bbtop_left\u00bb background_repeat=\u00bbrepeat\u00bb][et_pb_column type=\u00bb4_4&#8243; _builder_version=\u00bb3.0.47&#8243; parallax=\u00bboff\u00bb parallax_method=\u00bbon\u00bb][et_pb_text admin_label=\u00bbHeading &#038; Subheading\u00bb _builder_version=\u00bb3.0.92&#8243; text_font=\u00bbMuli|600|||||||\u00bb text_font_size=\u00bb18px\u00bb text_line_height=\u00bb1.8em\u00bb header_font=\u00bbMuli|700|||||||\u00bb header_font_size=\u00bb65px\u00bb header_line_height=\u00bb1.4em\u00bb header_2_font=\u00bb||||||||\u00bb background_size=\u00bbinitial\u00bb background_position=\u00bbtop_left\u00bb background_repeat=\u00bbrepeat\u00bb text_orientation=\u00bbcenter\u00bb max_width=\u00bb800px\u00bb max_width_last_edited=\u00bboff|desktop\u00bb custom_margin=\u00bb|||\u00bb custom_padding=\u00bb|||\u00bb custom_padding_last_edited=\u00bboff|desktop\u00bb animation_style=\u00bbfade\u00bb inline_fonts=\u00bbAlegreya Sans SC,Almendra SC\u00bb] ALJUJARIILA MAGNA [\/et_pb_text][et_pb_text _builder_version=\u00bb3.0.102&#8243; inline_fonts=\u00bbAnaheim\u00bb]&hellip; <a class=\"more-link\" href=\"https:\/\/deporte.lanjaron.es\/magna\/magna128\/\">Seguir leyendo <span class=\"screen-reader-text\">MAGNA 128Km<\/span><\/a><\/p>\n","protected":false},"author":1,"featured_media":0,"parent":0,"menu_order":0,"comment_status":"closed","ping_status":"closed","template":"","meta":{"jetpack_post_was_ever_published":false,"footnotes":""},"class_list":["post-94","page","type-page","status-publish","hentry","entry"],"jetpack_sharing_enabled":true,"jetpack_shortlink":"https:\/\/wp.me\/Pa2gnX-1w","_links":{"self":[{"href":"https:\/\/deporte.lanjaron.es\/magna\/wp-json\/wp\/v2\/pages\/94","targetHints":{"allow":["GET"]}}],"collection":[{"href":"https:\/\/deporte.lanjaron.es\/magna\/wp-json\/wp\/v2\/pages"}],"about":[{"href":"https:\/\/deporte.lanjaron.es\/magna\/wp-json\/wp\/v2\/types\/page"}],"author":[{"embeddable":true,"href":"https:\/\/deporte.lanjaron.es\/magna\/wp-json\/wp\/v2\/users\/1"}],"replies":[{"embeddable":true,"href":"https:\/\/deporte.lanjaron.es\/magna\/wp-json\/wp\/v2\/comments?post=94"}],"version-history":[{"count":9,"href":"https:\/\/deporte.lanjaron.es\/magna\/wp-json\/wp\/v2\/pages\/94\/revisions"}],"predecessor-version":[{"id":325,"href":"https:\/\/deporte.lanjaron.es\/magna\/wp-json\/wp\/v2\/pages\/94\/revisions\/325"}],"wp:attachment":[{"href":"https:\/\/deporte.lanjaron.es\/magna\/wp-json\/wp\/v2\/media?parent=94"}],"curies":[{"name":"wp","href":"https:\/\/api.w.org\/{rel}","templated":true}]}}