{"id":91,"date":"2018-06-29T16:48:00","date_gmt":"2018-06-29T16:48:00","guid":{"rendered":"http:\/\/deporte.lanjaron.es\/magna\/?page_id=91"},"modified":"2019-10-01T09:52:38","modified_gmt":"2019-10-01T09:52:38","slug":"166km","status":"publish","type":"page","link":"https:\/\/deporte.lanjaron.es\/magna\/166km\/","title":{"rendered":"MAGNA 136Km"},"content":{"rendered":"<p>[et_pb_section fb_built=\u00bb1&#8243; admin_label=\u00bbHeader Section\u00bb _builder_version=\u00bb3.20.2&#8243; use_background_color_gradient=\u00bbon\u00bb background_color_gradient_start=\u00bbrgba(48,169,244,0.83)\u00bb background_color_gradient_end=\u00bbrgba(233,240,246,0.2)\u00bb background_color_gradient_overlays_image=\u00bbon\u00bb background_image=\u00bbhttp:\/\/deporte.lanjaron.es\/magna\/wp-content\/uploads\/2018\/06\/DKZFf8dWkAAH64Z.jpg\u00bb custom_padding=\u00bb10%||0%|\u00bb][et_pb_row custom_padding=\u00bb27px|0px|172px|0px\u00bb custom_padding_phone=\u00bb3vw|||\u00bb custom_margin=\u00bb|||\u00bb custom_padding_last_edited=\u00bboff|desktop\u00bb admin_label=\u00bbHeader Row\u00bb _builder_version=\u00bb3.0.102&#8243; background_size=\u00bbinitial\u00bb background_position=\u00bbtop_left\u00bb background_repeat=\u00bbrepeat\u00bb][et_pb_column type=\u00bb4_4&#8243; _builder_version=\u00bb3.0.47&#8243;][et_pb_text admin_label=\u00bbHeading &#038; Subheading\u00bb _builder_version=\u00bb3.0.92&#8243; text_font=\u00bbMuli|600|||||||\u00bb text_font_size=\u00bb18px\u00bb text_line_height=\u00bb1.8em\u00bb header_font=\u00bbMuli|700|||||||\u00bb header_font_size=\u00bb65px\u00bb header_line_height=\u00bb1.4em\u00bb header_2_font=\u00bb||||||||\u00bb background_size=\u00bbinitial\u00bb background_position=\u00bbtop_left\u00bb background_repeat=\u00bbrepeat\u00bb text_orientation=\u00bbcenter\u00bb max_width=\u00bb800px\u00bb max_width_last_edited=\u00bboff|desktop\u00bb custom_margin=\u00bb|||\u00bb custom_padding=\u00bb|||\u00bb custom_padding_last_edited=\u00bboff|desktop\u00bb animation_style=\u00bbfade\u00bb inline_fonts=\u00bbAlmendra Display\u00bb]<\/p>\n<h1 style=\"text-align: center;\"><span style=\"color: #ffffff;\">GRAN FONDO ALPUJARRA MAGNA<\/span><\/h1>\n<p>[\/et_pb_text][et_pb_text _builder_version=\u00bb3.0.102&#8243; inline_fonts=\u00bbAnaheim\u00bb]<\/p>\n<h3 style=\"text-align: center;\"><strong><span style=\"font-family: Anaheim;\">136 km y 3050 metros de desnivel acumulado positivo para los ciclistas m\u00e1s intr\u00e9pidos y fondistas. <\/span><\/strong><\/h3>\n<p>[\/et_pb_text][\/et_pb_column][\/et_pb_row][\/et_pb_section][et_pb_section fb_built=\u00bb1&#8243; fullwidth=\u00bbon\u00bb _builder_version=\u00bb3.20.2&#8243; background_image=\u00bbhttp:\/\/deporte.lanjaron.es\/magna\/wp-content\/uploads\/2019\/07\/CheckpointSL5_20_24387_A_Portrait-1.jpeg\u00bb custom_padding=\u00bb0|0px|228px|0px|false|false\u00bb][\/et_pb_section][et_pb_section fb_built=\u00bb1&#8243; specialty=\u00bbon\u00bb _builder_version=\u00bb3.0.102&#8243; use_background_color_gradient=\u00bbon\u00bb background_color_gradient_start=\u00bb#ffffff\u00bb background_color_gradient_end=\u00bb#c6c6c6&#8243; background_color_gradient_type=\u00bbradial\u00bb background_color_gradient_direction_radial=\u00bbtop left\u00bb custom_padding=\u00bb20px|0px|0px|0px|false|false\u00bb][et_pb_column type=\u00bb1_3&#8243; _builder_version=\u00bb3.0.47&#8243;][et_pb_text _builder_version=\u00bb3.0.102&#8243;]<\/p>\n<p><strong style=\"font-size: 14px;\">Los avituallamientos s\u00f3lidos y l\u00edquidos estar\u00e1n situados en:<\/strong><\/p>\n<ul>\n<li>Trev\u00e9lez (Km 44) &#8211; S\u00f3lido y L\u00edquido\u00a0<\/li>\n<li>Lobras (Km 86) &#8211; S\u00f3lido y L\u00edquido\u00a0<\/li>\n<li>Torvizc\u00f3n (Km 110) &#8211; S\u00f3lido y L\u00edquido.<\/li>\n<\/ul>\n<p>[\/et_pb_text][et_pb_text _builder_version=\u00bb3.0.92&#8243;]<\/p>\n<p>Todo participante que sea rebasado por el <strong>veh\u00edculo escoba de \u201cFin de Prueba\u201d<\/strong> se considera fuera de la misma, y deber\u00e1 entregar dorsal, chip y placa de la bicicleta a la persona de organizaci\u00f3n que se lo exija desde el veh\u00edculo escoba o bien en los puntos especificados en rut\u00f3metro como cierre de control.<\/p>\n<p><strong>Existen puntos de corte, con los siguientes horarios m\u00e1ximos de paso:<\/strong><\/p>\n<ul>\n<li>Trev\u00e9lez (km 44) a las 12:00\u00a0<\/li>\n<li>Cruce Lobras con A-348 (km 80) a las 14:00<\/li>\n<li>Avituallamiento de Lobras (km 86) a las 14:30<\/li>\n<li>Torvizc\u00f3n (Km 110) a las 16:45<\/li>\n<\/ul>\n<p><strong>A las 18:30h se cerrar\u00e1 el control de llegada<\/strong> y se dar\u00e1 por finalizada la IV marcha Alpujarra Magna.<\/p>\n<p>[\/et_pb_text][\/et_pb_column][et_pb_column type=\u00bb2_3&#8243; specialty_columns=\u00bb2&#8243; _builder_version=\u00bb3.0.47&#8243;][et_pb_row_inner _builder_version=\u00bb3.0.102&#8243;][et_pb_column_inner type=\u00bb1_2&#8243; saved_specialty_column_type=\u00bb2_3&#8243; _builder_version=\u00bb3.0.47&#8243;][et_pb_text _builder_version=\u00bb3.0.102&#8243;]<\/p>\n<p style=\"text-align: justify;\">Todo participante deber\u00e1 llevar, de forma obligatoria y visible: la placa en la parte delantera de la bicicleta.<\/p>\n<p style=\"text-align: justify;\">Aquel ciclista que no lleve colocada de manera visible la placa de la bicicleta ser\u00e1 excluido del recorrido por miembros de la organizaci\u00f3n o por las fuerzas del orden.<\/p>\n<p style=\"text-align: justify;\"><strong>\u2022 LA PLACA<\/strong> debe llevarse en la parte delantera de la bicicleta bien visible sin doblar, y sin ocultar ni alterar la publicidad.<\/p>\n<p style=\"text-align: justify;\"><strong>\u2022 EL CHIP<\/strong> va adherido a la placa, formando una unidad con \u00e9sta.<\/p>\n<p>[\/et_pb_text][\/et_pb_column_inner][et_pb_column_inner type=\u00bb1_2&#8243; saved_specialty_column_type=\u00bb2_3&#8243; _builder_version=\u00bb3.0.47&#8243;][et_pb_text _builder_version=\u00bb3.0.102&#8243;]<strong style=\"font-size: 14px;\">organizaci\u00f3n dispondr\u00e1 de:<\/strong><\/p>\n<p>&nbsp;<\/p>\n<ul>\n<li><span style=\"font-size: 14px; text-align: justify;\">Equipamiento y personal sanitario durante el recorrido.<\/span><\/li>\n<li style=\"text-align: justify;\">Instalaciones para la ducha y el aseo.<br \/>\nInstalaciones lava bicis.<\/li>\n<li style=\"text-align: justify;\">Asistencia sanitaria formado por tres ambulancias.<\/li>\n<li style=\"text-align: justify;\">Zonas habilitadas de boxes de equipos y parking para veh\u00edculos de participantes.a.<\/li>\n<\/ul>\n<p>[\/et_pb_text][\/et_pb_column_inner][\/et_pb_row_inner][et_pb_row_inner _builder_version=\u00bb3.0.92&#8243;][et_pb_column_inner type=\u00bb4_4&#8243; saved_specialty_column_type=\u00bb2_3&#8243; _builder_version=\u00bb3.0.47&#8243;][et_pb_image src=\u00bbhttp:\/\/deporte.lanjaron.es\/magna\/wp-content\/uploads\/2019\/07\/Perfil-con-mapa.jpg\u00bb _builder_version=\u00bb3.20.2&#8243;][\/et_pb_image][\/et_pb_column_inner][\/et_pb_row_inner][\/et_pb_column][\/et_pb_section][et_pb_section fb_built=\u00bb1&#8243; _builder_version=\u00bb3.0.92&#8243; background_image=\u00bbhttp:\/\/deporte.lanjaron.es\/magna\/wp-content\/uploads\/2018\/06\/EmondaSL6Pro_21750_A_Accessory3.jpeg\u00bb background_blend=\u00bbluminosity\u00bb custom_padding=\u00bb123px|0px|54px|0px\u00bb][et_pb_row use_custom_width=\u00bbon\u00bb custom_width_px=\u00bb2600px\u00bb make_equal=\u00bbon\u00bb _builder_version=\u00bb3.0.102&#8243;][et_pb_column type=\u00bb4_4&#8243; _builder_version=\u00bb3.0.47&#8243;][\/et_pb_column][\/et_pb_row][\/et_pb_section]<\/p>\n","protected":false},"excerpt":{"rendered":"<p>[et_pb_section fb_built=\u00bb1&#8243; admin_label=\u00bbHeader Section\u00bb _builder_version=\u00bb3.20.2&#8243; use_background_color_gradient=\u00bbon\u00bb background_color_gradient_start=\u00bbrgba(48,169,244,0.83)\u00bb background_color_gradient_end=\u00bbrgba(233,240,246,0.2)\u00bb background_color_gradient_overlays_image=\u00bbon\u00bb background_image=\u00bbhttp:\/\/deporte.lanjaron.es\/magna\/wp-content\/uploads\/2018\/06\/DKZFf8dWkAAH64Z.jpg\u00bb custom_padding=\u00bb10%||0%|\u00bb][et_pb_row custom_padding=\u00bb27px|0px|172px|0px\u00bb custom_padding_phone=\u00bb3vw|||\u00bb custom_margin=\u00bb|||\u00bb custom_padding_last_edited=\u00bboff|desktop\u00bb admin_label=\u00bbHeader Row\u00bb _builder_version=\u00bb3.0.102&#8243; background_size=\u00bbinitial\u00bb background_position=\u00bbtop_left\u00bb background_repeat=\u00bbrepeat\u00bb][et_pb_column type=\u00bb4_4&#8243; _builder_version=\u00bb3.0.47&#8243;][et_pb_text admin_label=\u00bbHeading &#038; Subheading\u00bb _builder_version=\u00bb3.0.92&#8243; text_font=\u00bbMuli|600|||||||\u00bb text_font_size=\u00bb18px\u00bb text_line_height=\u00bb1.8em\u00bb header_font=\u00bbMuli|700|||||||\u00bb header_font_size=\u00bb65px\u00bb header_line_height=\u00bb1.4em\u00bb header_2_font=\u00bb||||||||\u00bb background_size=\u00bbinitial\u00bb background_position=\u00bbtop_left\u00bb background_repeat=\u00bbrepeat\u00bb text_orientation=\u00bbcenter\u00bb max_width=\u00bb800px\u00bb max_width_last_edited=\u00bboff|desktop\u00bb custom_margin=\u00bb|||\u00bb custom_padding=\u00bb|||\u00bb custom_padding_last_edited=\u00bboff|desktop\u00bb animation_style=\u00bbfade\u00bb inline_fonts=\u00bbAlmendra Display\u00bb] GRAN FONDO ALPUJARRA MAGNA [\/et_pb_text][et_pb_text _builder_version=\u00bb3.0.102&#8243; inline_fonts=\u00bbAnaheim\u00bb] 136 km&hellip; <a class=\"more-link\" href=\"https:\/\/deporte.lanjaron.es\/magna\/166km\/\">Seguir leyendo <span class=\"screen-reader-text\">MAGNA 136Km<\/span><\/a><\/p>\n","protected":false},"author":1,"featured_media":0,"parent":0,"menu_order":0,"comment_status":"closed","ping_status":"closed","template":"","meta":{"jetpack_post_was_ever_published":false,"footnotes":""},"class_list":["post-91","page","type-page","status-publish","hentry","entry"],"jetpack_sharing_enabled":true,"jetpack_shortlink":"https:\/\/wp.me\/Pa2gnX-1t","_links":{"self":[{"href":"https:\/\/deporte.lanjaron.es\/magna\/wp-json\/wp\/v2\/pages\/91","targetHints":{"allow":["GET"]}}],"collection":[{"href":"https:\/\/deporte.lanjaron.es\/magna\/wp-json\/wp\/v2\/pages"}],"about":[{"href":"https:\/\/deporte.lanjaron.es\/magna\/wp-json\/wp\/v2\/types\/page"}],"author":[{"embeddable":true,"href":"https:\/\/deporte.lanjaron.es\/magna\/wp-json\/wp\/v2\/users\/1"}],"replies":[{"embeddable":true,"href":"https:\/\/deporte.lanjaron.es\/magna\/wp-json\/wp\/v2\/comments?post=91"}],"version-history":[{"count":21,"href":"https:\/\/deporte.lanjaron.es\/magna\/wp-json\/wp\/v2\/pages\/91\/revisions"}],"predecessor-version":[{"id":850,"href":"https:\/\/deporte.lanjaron.es\/magna\/wp-json\/wp\/v2\/pages\/91\/revisions\/850"}],"wp:attachment":[{"href":"https:\/\/deporte.lanjaron.es\/magna\/wp-json\/wp\/v2\/media?parent=91"}],"curies":[{"name":"wp","href":"https:\/\/api.w.org\/{rel}","templated":true}]}}