{"id":300,"date":"2018-06-30T16:02:18","date_gmt":"2018-06-30T16:02:18","guid":{"rendered":"http:\/\/deporte.lanjaron.es\/magna\/?page_id=300"},"modified":"2019-10-01T09:52:07","modified_gmt":"2019-10-01T09:52:07","slug":"inscripciones","status":"publish","type":"page","link":"https:\/\/deporte.lanjaron.es\/magna\/inscripciones\/","title":{"rendered":"INSCRIPCIONES"},"content":{"rendered":"<p>[et_pb_section fb_built=\u00bb1&#8243; _builder_version=\u00bb3.20.2&#8243; background_color=\u00bbrgba(128,221,221,0.97)\u00bb background_image=\u00bbhttp:\/\/deporte.lanjaron.es\/magna\/wp-content\/uploads\/2019\/07\/cartel-magna.jpeg\u00bb background_position=\u00bbtop_left\u00bb background_blend=\u00bblighten\u00bb][et_pb_row _builder_version=\u00bb3.0.92&#8243;][et_pb_column type=\u00bb1_2&#8243; _builder_version=\u00bb3.0.47&#8243;][et_pb_button _builder_version=\u00bb3.20.2&#8243; button_text_size__hover_enabled=\u00bboff\u00bb button_text_size__hover=\u00bbnull\u00bb button_one_text_size__hover_enabled=\u00bboff\u00bb button_one_text_size__hover=\u00bbnull\u00bb button_two_text_size__hover_enabled=\u00bboff\u00bb button_two_text_size__hover=\u00bbnull\u00bb button_text_color__hover_enabled=\u00bboff\u00bb button_text_color__hover=\u00bbnull\u00bb button_one_text_color__hover_enabled=\u00bboff\u00bb button_one_text_color__hover=\u00bbnull\u00bb button_two_text_color__hover_enabled=\u00bboff\u00bb button_two_text_color__hover=\u00bbnull\u00bb button_border_width__hover_enabled=\u00bboff\u00bb button_border_width__hover=\u00bbnull\u00bb button_one_border_width__hover_enabled=\u00bboff\u00bb button_one_border_width__hover=\u00bbnull\u00bb button_two_border_width__hover_enabled=\u00bboff\u00bb button_two_border_width__hover=\u00bbnull\u00bb button_border_color__hover_enabled=\u00bboff\u00bb button_border_color__hover=\u00bbnull\u00bb button_one_border_color__hover_enabled=\u00bboff\u00bb button_one_border_color__hover=\u00bbnull\u00bb button_two_border_color__hover_enabled=\u00bboff\u00bb button_two_border_color__hover=\u00bbnull\u00bb button_border_radius__hover_enabled=\u00bboff\u00bb button_border_radius__hover=\u00bbnull\u00bb button_one_border_radius__hover_enabled=\u00bboff\u00bb button_one_border_radius__hover=\u00bbnull\u00bb button_two_border_radius__hover_enabled=\u00bboff\u00bb button_two_border_radius__hover=\u00bbnull\u00bb button_letter_spacing__hover_enabled=\u00bboff\u00bb button_letter_spacing__hover=\u00bbnull\u00bb button_one_letter_spacing__hover_enabled=\u00bboff\u00bb button_one_letter_spacing__hover=\u00bbnull\u00bb button_two_letter_spacing__hover_enabled=\u00bboff\u00bb button_two_letter_spacing__hover=\u00bbnull\u00bb button_bg_color__hover_enabled=\u00bboff\u00bb button_bg_color__hover=\u00bbnull\u00bb button_one_bg_color__hover_enabled=\u00bboff\u00bb button_one_bg_color__hover=\u00bbnull\u00bb button_two_bg_color__hover_enabled=\u00bboff\u00bb button_two_bg_color__hover=\u00bbnull\u00bb][\/et_pb_button][et_pb_image src=\u00bbhttp:\/\/deporte.lanjaron.es\/magna\/wp-content\/uploads\/2019\/07\/22008262_1116069525194437_2270852510506075236_n.jpg\u00bb _builder_version=\u00bb3.20.2&#8243; filter_opacity=\u00bb76%\u00bb][\/et_pb_image][\/et_pb_column][et_pb_column type=\u00bb1_4&#8243; _builder_version=\u00bb3.0.47&#8243;][et_pb_text _builder_version=\u00bb3.20.2&#8243; button_text_size__hover_enabled=\u00bboff\u00bb button_text_size__hover=\u00bbnull\u00bb button_one_text_size__hover_enabled=\u00bboff\u00bb button_one_text_size__hover=\u00bbnull\u00bb button_two_text_size__hover_enabled=\u00bboff\u00bb button_two_text_size__hover=\u00bbnull\u00bb button_text_color__hover_enabled=\u00bboff\u00bb button_text_color__hover=\u00bbnull\u00bb button_one_text_color__hover_enabled=\u00bboff\u00bb button_one_text_color__hover=\u00bbnull\u00bb button_two_text_color__hover_enabled=\u00bboff\u00bb button_two_text_color__hover=\u00bbnull\u00bb button_border_width__hover_enabled=\u00bboff\u00bb button_border_width__hover=\u00bbnull\u00bb button_one_border_width__hover_enabled=\u00bboff\u00bb button_one_border_width__hover=\u00bbnull\u00bb button_two_border_width__hover_enabled=\u00bboff\u00bb button_two_border_width__hover=\u00bbnull\u00bb button_border_color__hover_enabled=\u00bboff\u00bb button_border_color__hover=\u00bbnull\u00bb button_one_border_color__hover_enabled=\u00bboff\u00bb button_one_border_color__hover=\u00bbnull\u00bb button_two_border_color__hover_enabled=\u00bboff\u00bb button_two_border_color__hover=\u00bbnull\u00bb button_border_radius__hover_enabled=\u00bboff\u00bb button_border_radius__hover=\u00bbnull\u00bb button_one_border_radius__hover_enabled=\u00bboff\u00bb button_one_border_radius__hover=\u00bbnull\u00bb button_two_border_radius__hover_enabled=\u00bboff\u00bb button_two_border_radius__hover=\u00bbnull\u00bb button_letter_spacing__hover_enabled=\u00bboff\u00bb button_letter_spacing__hover=\u00bbnull\u00bb button_one_letter_spacing__hover_enabled=\u00bboff\u00bb button_one_letter_spacing__hover=\u00bbnull\u00bb button_two_letter_spacing__hover_enabled=\u00bboff\u00bb button_two_letter_spacing__hover=\u00bbnull\u00bb button_bg_color__hover_enabled=\u00bboff\u00bb button_bg_color__hover=\u00bbnull\u00bb button_one_bg_color__hover_enabled=\u00bboff\u00bb button_one_bg_color__hover=\u00bbnull\u00bb button_two_bg_color__hover_enabled=\u00bboff\u00bb button_two_bg_color__hover=\u00bbnull\u00bb]<\/p>\n<p style=\"text-align: justify;\">Las inscripciones comenzar\u00e1n el di\u00e1 1 de Julio a las 00:00h, hasta agotar las <strong>1000 plazas<\/strong> existentes o en caso contrario, hasta el 24 de Septiembre a las 14:00h.<\/p>\n<p style=\"text-align: justify;\">El coste ser\u00e1:<\/p>\n<p style=\"text-align: justify;\"><strong>\u2022 Ciclistas federados: 1. 35\u20ac\u00a0\u00a0los 250 primeros inscritos.<\/strong><\/p>\n<p style=\"text-align: justify;\"><strong>2. 40\u20ac del 251 inscrito al 750 inscrito.<\/strong><\/p>\n<p style=\"text-align: justify;\"><strong>3. 45\u20ac del 751 inscrito al 1.000 inscrito.<\/strong><\/p>\n<p style=\"text-align: justify;\">* <strong>Ciclista NO Federados + 10 \u20ac<\/strong> a los precios anteriores (licencia de d\u00eda).<\/p>\n<p>Las <strong>devoluciones<\/strong> y\/o cambio de dorsal tendr\u00e1n el siguiente recargo:<\/p>\n<ul>\n<li>Hasta el <strong>31 de agosto<\/strong>, se devolver\u00e1n <strong>30\u20ac<\/strong> a los federados y <strong>40\u20ac<\/strong> a los no federados.<\/li>\n<li>Del <strong>1 al 15 de septiembre<\/strong>, se devolver\u00e1n <strong>20\u20ac<\/strong> a los federados y <strong>40\u20ac<\/strong> a los no federados.<\/li>\n<li><strong>Desde el 16 de septiembre no se admiten devoluciones.<\/strong><\/li>\n<li>El <strong>cambio de dorsal<\/strong> tendr\u00e1 un coste de <strong>5\u20ac.<\/strong><\/li>\n<\/ul>\n<p>[\/et_pb_text][\/et_pb_column][et_pb_column type=\u00bb1_4&#8243; _builder_version=\u00bb3.0.47&#8243;][et_pb_text _builder_version=\u00bb3.20.2&#8243; button_text_size__hover_enabled=\u00bboff\u00bb button_text_size__hover=\u00bbnull\u00bb button_one_text_size__hover_enabled=\u00bboff\u00bb button_one_text_size__hover=\u00bbnull\u00bb button_two_text_size__hover_enabled=\u00bboff\u00bb button_two_text_size__hover=\u00bbnull\u00bb button_text_color__hover_enabled=\u00bboff\u00bb button_text_color__hover=\u00bbnull\u00bb button_one_text_color__hover_enabled=\u00bboff\u00bb button_one_text_color__hover=\u00bbnull\u00bb button_two_text_color__hover_enabled=\u00bboff\u00bb button_two_text_color__hover=\u00bbnull\u00bb button_border_width__hover_enabled=\u00bboff\u00bb button_border_width__hover=\u00bbnull\u00bb button_one_border_width__hover_enabled=\u00bboff\u00bb button_one_border_width__hover=\u00bbnull\u00bb button_two_border_width__hover_enabled=\u00bboff\u00bb button_two_border_width__hover=\u00bbnull\u00bb button_border_color__hover_enabled=\u00bboff\u00bb button_border_color__hover=\u00bbnull\u00bb button_one_border_color__hover_enabled=\u00bboff\u00bb button_one_border_color__hover=\u00bbnull\u00bb button_two_border_color__hover_enabled=\u00bboff\u00bb button_two_border_color__hover=\u00bbnull\u00bb button_border_radius__hover_enabled=\u00bboff\u00bb button_border_radius__hover=\u00bbnull\u00bb button_one_border_radius__hover_enabled=\u00bboff\u00bb button_one_border_radius__hover=\u00bbnull\u00bb button_two_border_radius__hover_enabled=\u00bboff\u00bb button_two_border_radius__hover=\u00bbnull\u00bb button_letter_spacing__hover_enabled=\u00bboff\u00bb button_letter_spacing__hover=\u00bbnull\u00bb button_one_letter_spacing__hover_enabled=\u00bboff\u00bb button_one_letter_spacing__hover=\u00bbnull\u00bb button_two_letter_spacing__hover_enabled=\u00bboff\u00bb button_two_letter_spacing__hover=\u00bbnull\u00bb button_bg_color__hover_enabled=\u00bboff\u00bb button_bg_color__hover=\u00bbnull\u00bb button_one_bg_color__hover_enabled=\u00bboff\u00bb button_one_bg_color__hover=\u00bbnull\u00bb button_two_bg_color__hover_enabled=\u00bboff\u00bb button_two_bg_color__hover=\u00bbnull\u00bb]<\/p>\n<p style=\"text-align: justify;\">Las inscripciones se realizar\u00e1n mediante la pasarela de pago de<\/p>\n<p style=\"text-align: justify;\"><a href=\"https:\/\/www.cruzandolameta.es\/listado-inscritos\/iv-alpujarra-magna-gran-fondo---998\/?page=5#\" target=\"_blank\" rel=\"noopener noreferrer\">\u00a0<span style=\"color: #e02b20;\"><strong> \u00a0 www.cruzandolameta.es <\/strong><\/span><\/a><\/p>\n<p style=\"text-align: justify;\">las devoluciones se regir\u00e1n en funci\u00f3n de las normas de contrataci\u00f3n de esta. En caso de realizar un cambio de titular se deber\u00e1 de comunicar al mail\u00a0 <span style=\"color: #e02b20;\">info@cruzandolameta.es <\/span>facilitando todos los datos necesarios del participante a substituir.<\/p>\n<p style=\"text-align: justify;\">participaci\u00f3n en la prueba est\u00e1 bajo la responsabilidad y propio riesgo de los participantes. El participante en el momento de su inscripci\u00f3n manifiesta encontrarse f\u00edsicamente apto para la prueba.<\/p>\n<p style=\"text-align: justify;\"><strong>S\u00d3LO SE CONSIDERA UNA INSCRIPCION V\u00c1LIDA<\/strong> cuando se han abonado los derechos de inscripci\u00f3n. Es decir, <strong>NO EXISTE<\/strong> la posibilidad de preinscripci\u00f3n y pago al recoger el dorsal. El pago s\u00f3lo se puede realizar por Internet con tarjeta de cr\u00e9dito a trav\u00e9s de la pasarela de pago seguro propuesta por la organizaci\u00f3n en la p\u00e1gina web oficial y en los plazos de tiempo indicados por la organizaci\u00f3n.<\/p>\n<p>[\/et_pb_text][\/et_pb_column][\/et_pb_row][\/et_pb_section]<\/p>\n","protected":false},"excerpt":{"rendered":"<p>[et_pb_section fb_built=\u00bb1&#8243; _builder_version=\u00bb3.20.2&#8243; background_color=\u00bbrgba(128,221,221,0.97)\u00bb background_image=\u00bbhttp:\/\/deporte.lanjaron.es\/magna\/wp-content\/uploads\/2019\/07\/cartel-magna.jpeg\u00bb background_position=\u00bbtop_left\u00bb background_blend=\u00bblighten\u00bb][et_pb_row _builder_version=\u00bb3.0.92&#8243;][et_pb_column type=\u00bb1_2&#8243; _builder_version=\u00bb3.0.47&#8243;][et_pb_button _builder_version=\u00bb3.20.2&#8243; button_text_size__hover_enabled=\u00bboff\u00bb button_text_size__hover=\u00bbnull\u00bb button_one_text_size__hover_enabled=\u00bboff\u00bb button_one_text_size__hover=\u00bbnull\u00bb button_two_text_size__hover_enabled=\u00bboff\u00bb button_two_text_size__hover=\u00bbnull\u00bb button_text_color__hover_enabled=\u00bboff\u00bb button_text_color__hover=\u00bbnull\u00bb button_one_text_color__hover_enabled=\u00bboff\u00bb button_one_text_color__hover=\u00bbnull\u00bb button_two_text_color__hover_enabled=\u00bboff\u00bb button_two_text_color__hover=\u00bbnull\u00bb button_border_width__hover_enabled=\u00bboff\u00bb button_border_width__hover=\u00bbnull\u00bb button_one_border_width__hover_enabled=\u00bboff\u00bb button_one_border_width__hover=\u00bbnull\u00bb button_two_border_width__hover_enabled=\u00bboff\u00bb button_two_border_width__hover=\u00bbnull\u00bb button_border_color__hover_enabled=\u00bboff\u00bb button_border_color__hover=\u00bbnull\u00bb button_one_border_color__hover_enabled=\u00bboff\u00bb button_one_border_color__hover=\u00bbnull\u00bb button_two_border_color__hover_enabled=\u00bboff\u00bb button_two_border_color__hover=\u00bbnull\u00bb button_border_radius__hover_enabled=\u00bboff\u00bb button_border_radius__hover=\u00bbnull\u00bb button_one_border_radius__hover_enabled=\u00bboff\u00bb button_one_border_radius__hover=\u00bbnull\u00bb button_two_border_radius__hover_enabled=\u00bboff\u00bb button_two_border_radius__hover=\u00bbnull\u00bb button_letter_spacing__hover_enabled=\u00bboff\u00bb button_letter_spacing__hover=\u00bbnull\u00bb button_one_letter_spacing__hover_enabled=\u00bboff\u00bb button_one_letter_spacing__hover=\u00bbnull\u00bb button_two_letter_spacing__hover_enabled=\u00bboff\u00bb button_two_letter_spacing__hover=\u00bbnull\u00bb button_bg_color__hover_enabled=\u00bboff\u00bb button_bg_color__hover=\u00bbnull\u00bb button_one_bg_color__hover_enabled=\u00bboff\u00bb button_one_bg_color__hover=\u00bbnull\u00bb button_two_bg_color__hover_enabled=\u00bboff\u00bb button_two_bg_color__hover=\u00bbnull\u00bb][\/et_pb_button][et_pb_image src=\u00bbhttp:\/\/deporte.lanjaron.es\/magna\/wp-content\/uploads\/2019\/07\/22008262_1116069525194437_2270852510506075236_n.jpg\u00bb _builder_version=\u00bb3.20.2&#8243;&hellip; <a class=\"more-link\" href=\"https:\/\/deporte.lanjaron.es\/magna\/inscripciones\/\">Seguir leyendo <span class=\"screen-reader-text\">INSCRIPCIONES<\/span><\/a><\/p>\n","protected":false},"author":1,"featured_media":0,"parent":0,"menu_order":0,"comment_status":"closed","ping_status":"closed","template":"","meta":{"jetpack_post_was_ever_published":false,"footnotes":""},"class_list":["post-300","page","type-page","status-publish","hentry","entry"],"jetpack_sharing_enabled":true,"jetpack_shortlink":"https:\/\/wp.me\/Pa2gnX-4Q","_links":{"self":[{"href":"https:\/\/deporte.lanjaron.es\/magna\/wp-json\/wp\/v2\/pages\/300","targetHints":{"allow":["GET"]}}],"collection":[{"href":"https:\/\/deporte.lanjaron.es\/magna\/wp-json\/wp\/v2\/pages"}],"about":[{"href":"https:\/\/deporte.lanjaron.es\/magna\/wp-json\/wp\/v2\/types\/page"}],"author":[{"embeddable":true,"href":"https:\/\/deporte.lanjaron.es\/magna\/wp-json\/wp\/v2\/users\/1"}],"replies":[{"embeddable":true,"href":"https:\/\/deporte.lanjaron.es\/magna\/wp-json\/wp\/v2\/comments?post=300"}],"version-history":[{"count":14,"href":"https:\/\/deporte.lanjaron.es\/magna\/wp-json\/wp\/v2\/pages\/300\/revisions"}],"predecessor-version":[{"id":849,"href":"https:\/\/deporte.lanjaron.es\/magna\/wp-json\/wp\/v2\/pages\/300\/revisions\/849"}],"wp:attachment":[{"href":"https:\/\/deporte.lanjaron.es\/magna\/wp-json\/wp\/v2\/media?parent=300"}],"curies":[{"name":"wp","href":"https:\/\/api.w.org\/{rel}","templated":true}]}}